et t(m) be the second derivative of -m**5/20 - m**4/6 - 23*m**3/6 - 41*m**2/2 + 8584*m. Determine t(-2).
5
Let m(z) = 5*z**2 + 48*z - 20. Let y(k) = k**2 + 11*k - 5. Let i(h) = -2*m(h) + 9*y(h). Suppose -147*c + 151*c = 16. Calculate i(c).
-9
Let d = -15 + 15. Let l(q) = -184 - 179 - 178 + 549 - q - q**2. Determine l(d).
8
Let s(w) = 69713 - 139868 + 56*w + 69653. What is s(9)?
2
Let r(g) = -6*g - g + 5 + 3*g + 12*g - 12 - 12*g. Let k be (-3)/(2 + -1 - 0). Give r(k).
5
Suppose 3*s = -3, -4*p = -5*s + 10*s + 17. Let w(r) = 3*r**2 + 6*r + 6. Determine w(p).
15
Let l(w) = -5*w + 11. Let a(d) = 11*d - 25. Let j be 1/(-2)*0 + -3. Let n(y) = j*a(y) - 7*l(y). Give n(-2).
-6
Let t(u) = -2*u**3 + 19*u**2 + 29*u + 24. Let q(l) = -36 - 126*l**3 - 28*l**2 - 68*l + 129*l**3 + 24*l. Let w(v) = 5*q(v) + 8*t(v). Determine w(13).
-1
Let q be (-3 + 38/14)/(624/91 - 7). Let d(b) = -36*b + 64. Give d(q).
-8
Let n = -143 - -203. Suppose 26*x + n = 38*x. Let y(p) = -7*p + 6. Determine y(x).
-29
Suppose 0*k + 70 = 5*k. Let c be (-6)/(-2)*k/3. Suppose h = 3*m - c, 0*m - 2*m + 5*h = -18. Let s(v) = v**3 - 6*v**2 + 6*v - 6. Determine s(m).
-14
Let k(b) = -2*b**2 + 9*b + 6. Let q = -228 - -231. Let a(o) = -3*o**2 + 17*o + 8. Let d(s) = q*a(s) - 5*k(s). Give d(-7).
1
Let x(r) be the second derivative of -r**5/10 - r**3/6 + r**2/2 - 4421*r. Determine x(1).
-2
Let q(g) be the first derivative of g**2 + 23*g + 2592. What is q(-13)?
-3
Let d(u) = -58*u + 26*u - 1 + 8*u**2 + 32*u. Suppose -r - 5 = 3*m - 34, 3*m - r = 19. Let g = m - 7. Give d(g).
7
Let a = 20842 - 20836. Let t(y) = 20*y - 37. Determine t(a).
83
Let r(n) = -n**3 + 13*n**2 - 35*n - 17. Suppose 2892*k + 11 = 2948*k - 437. What is r(k)?
23
Let l(v) = 5*v - 14. Let i(k) = -k + 1. Let b(n) = -4*i(n) - l(n). Let a be 0 - 2/2*-30. Let g be 204/a - 2/(-10). What is b(g)?
3
Let y(u) = -5*u + 47 - 32 - 28. Let f(c) = -c - 1. Let x(j) = -6*f(j) + y(j). Calculate x(6).
-1
Let k(h) be the first derivative of h**4/4 + 2*h**3 - 5*h**2/2 + 19*h + 1472. Calculate k(-7).
5
Let z(q) = 561*q**2 - 41*q + 4. Let w(i) = -337*i**2 + 20*i - 2. Let n(m) = -5*w(m) - 3*z(m). Give n(-10).
-32
Let o(a) be the third derivative of -a**4/2 + 59*a**3/3 + 190*a**2 + 2*a. Calculate o(10).
-2
Let u(v) = -7*v + 23. Let r(p) = 3*p - 11. Let o = 4 - -9. Let g(b) = b**2 - 7*b + 18. Let l be g(3). Let y(a) = l*u(a) + o*r(a). Give y(-4).
7
Let s be (-7 - 0) + 10 + 3 + 22/(-4). Let n(q) be the first derivative of s*q**2 + 3 + 0*q. Calculate n(-5).
-5
Let v(h) = 5*h - 60. Let b(l) = -13. Let m(p) = 6*b(p) - v(p). Calculate m(-3).
-3
Let y(s) = -2*s + 2. Suppose 7*v + 8*v + 255 = 0. Let i = -11 - v. Determine y(i).
-10
Let u be (-8)/(-36) - (-183)/27. Let r be (((-4)/(-5))/(4/(-10)))/(-1). Let c(l) = -3 - 5*l + 13*l**r + 14*l**2 - 26*l**2 - 2*l. Give c(u).
-3
Suppose l + 3 = -9. Let u(w) = 16*w**2 + 8*w + 11. Let z(p) = 19*p**2 + 7*p + 11. Let i(s) = -6*u(s) + 5*z(s). Determine i(l).
1
Let n(i) = -i**3 - 2*i**2 - 3*i + 1. Let c(q) = q**3 + 2*q**2 + 2. Let g be c(-3). Let l be ((-18)/3)/(-8*g/28). Determine n(l).
19
Let y(c) be the third derivative of c**5/60 - c**4/4 - c**2. Suppose -2*w = -5*a + 1, -2*a = 4*w + 3*a - 13. Let r be y(w). Let u(x) = 2*x + 10. Give u(r).
-6
Let q be ((2/(-14))/((-22)/(-154)))/1. Let t(u) = 50*u + 58. What is t(q)?
8
Let j(z) = 2*z - 42. Suppose 17*w + 23*w = -192 + 952. What is j(w)?
-4
Let k(i) = i**3 + 2. Let x = -3082 - -3082. Calculate k(x).
2
Let m be 14 + -6 + 4 + 0. Let l be (2 + -4)*m/4. Let i(q) be the third derivative of q**5/60 + 7*q**4/24 - 7*q**3/6 + q**2 - 152*q. Give i(l).
-13
Let o be 17 - (4*-1 + (-3)/(-3)). Suppose 3*m - 5*a = o, m + 0*m - 4*a - 9 = 0. Suppose -2*t - 6 = 0, -3 = 2*d + 4*t - m. Let p(s) = -3*s - 3. What is p(d)?
-24
Let d(r) = -r**3 - 14*r**2 - 20*r - 30. Suppose 0 = 4*m - 24, -984 = -5*k + 7*m - 1091. Calculate d(k).
61
Let i(s) = -75*s + 342. Let b(g) = 12*g - 4. Let v(x) = 4*b(x) + i(x). What is v(12)?
2
Suppose -16*g + 12 = -10*g. Let b(v) = v**2 - 5*v**g - 2*v + v**2 + 4 + 1 + 2*v**2. What is b(5)?
-30
Let l(c) = 4*c**2 - c + 2. Let b(k) = 9*k**2 - 9*k + 2. Let z(d) = b(d) - 3*l(d). What is z(-3)?
-13
Let s(r) be the third derivative of 0 + 0*r - 1/12*r**5 - 49*r**2 + 4/3*r**3 - 1/120*r**6 + 3/8*r**4. Calculate s(-6).
-10
Let o be (-1)/(80/16 + 42/(-8)). Let v(z) = -o*z + 18*z - 3*z - 12 - 10*z. Give v(5).
-7
Let s(x) = -4*x**3 - 12*x**2 - x + 8. Suppose 5*p - 24 = -5*c + c, 0 = -5*c - p + 9. Let y(n) = n**3 + n**2 - 2*n. Let o(k) = c*s(k) + 3*y(k). Calculate o(-8).
0
Let w(o) be the first derivative of o**4/4 + 19*o**3/3 - 10*o**2 + 10*o - 11743. Calculate w(-20).
10
Let z(g) = g**3 - 5*g**2 + 4*g + 1. Let y be (-7)/(7 - 14)*(1 + 160). Let q = 165 - y. Calculate z(q).
1
Let g(l) be the third derivative of -l**6/120 + l**5/15 - l**4/4 + 2*l**3/3 + 21*l**2 + l. Let q be g(2). Let f(p) = -p**2 - p - 4. Calculate f(q).
-4
Let i(c) = 10*c + 1 - 2*c + 24*c + 4*c**2 - 4*c - 33*c. Calculate i(2).
7
Let g = 3803 + -3790. Let k(r) = -3*r - 5. Give k(g).
-44
Let k(l) be the third derivative of -3*l**4/8 + 17*l**3 - 1362*l**2. Calculate k(12).
-6
Let d(u) = -u**2 + 3*u + 5. Suppose -5*a + 4*p = 244, p - 3*p + 2 = 0. Let n be (-1)/((-232)/a + -5). Determine d(n).
-13
Let j(f) = -2*f**2 + 3*f - 10. Let d be 42/(-54)*(-28 + 19). Give j(d).
-87
Let i(n) = -3*n**3 + 24*n**2 + 35*n + 50. Let h(v) = v**3 - 2*v**2 - v - 4. Let x(j) = 4*h(j) + i(j). Determine x(-14).
-8
Suppose o = -b + 3, -7*b + 5*o = -4*b - 9. Let t(k) = 0*k**b + 35 - 31 - k**3 - 5*k + 3*k + 4*k**2. Give t(4).
-4
Let o(a) = -4*a + 12. Let j be (108/(-21) - -4)/((-9)/63). What is o(j)?
-20
Let c(o) = 104*o - 16. Let y(f) = 15*f - 1. Let n(q) = -3*c(q) + 20*y(q). Determine n(3).
-8
Suppose -2*c + 32*c = 4*c. Let s(h) = 12*h - 49*h + 13*h - 1 + 7*h + 16*h + 3*h**2. What is s(c)?
-1
Let l = -1 + 0. Let q = l - -3. Let w(i) = 4*i**2 - i + 3. Let t(k) = 27*k**2 - 10*k + 20. Let h(f) = -t(f) + 6*w(f). Determine h(q).
-6
Let i(d) be the third derivative of -d**5/60 + d**4/24 - d**3/2 - 1248*d**2. Let s(n) = -4*n**3 - n + 1. Let a be s(1). Let l be 0*(2/a - 0). What is i(l)?
-3
Let m(f) = 4*f - f**3 - 8*f + 3*f - 8*f**2 - 24*f**2 + 14 - 50. Let b be m(-32). Let v(d) = 2*d**2 - 4. Give v(b).
28
Let r = 7742 + -7747. Let m(y) = -5*y - 17. Calculate m(r).
8
Suppose -5*s = 5*d - 25, -s + 3*d + 25 = 4*s. Let v(n) be the second derivative of -n**4/12 + n**3 + 5*n**2/2 + 2*n + 50. Determine v(s).
10
Suppose 0 = 5*n + 6*n + 22. Let m(z) = -11*z - 12. Let a be m(n). Let l(r) = r**2 - 10*r + 11. What is l(a)?
11
Let z(u) = 78*u + 0*u**2 - 8 + 11 + 77*u - 160*u + u**2. What is z(8)?
27
Let z(v) = -56*v - 210. Let s(j) = 168*j + 615. Let k(y) = -3*s(y) - 8*z(y). What is k(-3)?
3
Let a(n) = -2*n. Suppose -18*w = -1967 + 1805. What is a(w)?
-18
Let v(o) = o**3 - 3*o**2 - 4*o - 1. Suppose -n + 2*r = -0*n - 49, -4*n - 5*r + 131 = 0. Suppose -11*q + 24*q - n = 0. Give v(q).
-13
Let f(c) = -41*c**2 + 24*c - 9. Let s(o) = -8*o**2 + o - 1. Let a(l) = -f(l) + 5*s(l). Give a(20).
24
Let j(t) = 2*t**2 - 14*t + 2. Let p(g) = -1 - 2*g**2 - 38*g - 20*g + 73*g. Let v(f) = 4*j(f) + 3*p(f). Calculate v(5).
0
Let t be (120/15*3/16)/(15/100). Let n(y) = -2*y**2 + 21*y - 8. Determine n(t).
2
Suppose 0 = -5*u + 2*y - 142, -19 = -3*u + 6*y - 85. Let p(s) = 3*s**2 + 89*s - 32. What is p(u)?
-2
Let x(k) be the second derivative of 11*k**5/20 - 11*k**4/6 - 2*k**3/3 + 3*k**2/2 + 148*k + 3. Give x(2).
-5
Let d(y) = -y**3 - 6*y**2 + 6*y + 1. Let l be d(-7). Let v be (-3)/2 - 2*2/l. Let o(b) = -2*b + 3. Let g(f) = f - 1. Let n(x) = v*o(x) - 5*g(x). Calculate n(6).
-7
Let i(n) = -2*n - 1. Suppose 0 = -5*o + 2*r + 70, -4*r = -2*o - 2*o + 68. Let b be o/18 - (-14)/6. Let s be 4 + -5 + 27/b + -2. Determine i(s).
-13
Let u(d) = -24 + 43346*d - 43345*d - 10. Calculate u(-27).
-61
Let s(q) = q**2 + 2*q + 2. Let z = -1897 - -1895. Give s(z).
2
Let q = 5 - 11. Let s(h) = -5*h + 6. Let a(k) = 14*k - 17. Let g(i) = q*a(i) - 17*s(i). Suppose 0 = -46*p + 70 - 56 + 170. Determine g(p).
4
Let l(c) = c + 1. Let x(u) = u**2 - 6*u + 10. Let m(q) = -4*l(q) + x(q). What is m(10)?
6
Let k(b) = b**2 + 28*b + 63. Let f be k(-26). Let y(x) = 3 + 7 - f*x + 3 - 12. Give y(1).
-10
Let l(b) = -b**2 + 86*b - 5